 of 441588 and 252?
84
What is the greatest common divisor of 186858 and 574?
14
Calculate the highest common divisor of 1590 and 395.
5
What is the greatest common divisor of 340138 and 76?
38
What is the highest common factor of 736 and 5704?
184
What is the highest common factor of 38864 and 16?
16
What is the greatest common factor of 2470 and 92170?
130
What is the greatest common factor of 29 and 43007?
29
What is the greatest common factor of 12141 and 284?
71
Calculate the highest common factor of 214 and 6450816.
214
Calculate the highest common divisor of 492784 and 5168.
304
What is the greatest common divisor of 207 and 1896?
3
What is the greatest common divisor of 1087 and 2775111?
1087
Calculate the highest common factor of 20616 and 336.
24
What is the highest common divisor of 5876 and 4?
4
What is the highest common divisor of 3328 and 3536?
208
What is the highest common factor of 7392 and 105504?
672
What is the highest common factor of 388804 and 416?
52
What is the highest common factor of 2225818 and 3806?
346
Calculate the highest common divisor of 210 and 711130.
70
Calculate the greatest common factor of 4530 and 8895.
15
Calculate the highest common factor of 527 and 187.
17
What is the highest common factor of 63050 and 3686?
194
Calculate the highest common factor of 751 and 738233.
751
What is the highest common factor of 5971 and 245?
7
What is the highest common factor of 1200 and 4628880?
240
Calculate the greatest common factor of 129986 and 206.
206
What is the greatest common factor of 9804 and 72276?
228
Calculate the highest common divisor of 4275 and 6525.
225
What is the greatest common factor of 2361 and 12?
3
Calculate the greatest common factor of 24 and 9294.
6
Calculate the highest common divisor of 1091 and 269.
1
Calculate the greatest common factor of 122 and 339343.
61
What is the greatest common divisor of 3103 and 10643?
29
Calculate the greatest common divisor of 184 and 7789272.
184
What is the greatest common divisor of 165 and 2375703?
33
Calculate the highest common factor of 1540 and 5112415.
385
What is the greatest common factor of 2015264 and 15904?
2272
Calculate the greatest common divisor of 24463 and 17.
17
Calculate the greatest common factor of 175 and 6525.
25
Calculate the greatest common factor of 11568 and 2928.
48
What is the greatest common factor of 210 and 2478?
42
What is the highest common factor of 385 and 799865?
55
Calculate the highest common divisor of 9559 and 1340867.
869
What is the highest common factor of 2804296 and 484?
484
Calculate the greatest common divisor of 502357 and 691.
691
What is the highest common factor of 238 and 10302?
34
What is the highest common divisor of 3128 and 1058?
46
What is the greatest common factor of 109984 and 784?
112
What is the highest common divisor of 24 and 140832?
24
Calculate the highest common divisor of 351 and 1.
1
Calculate the greatest common factor of 72 and 425364.
12
Calculate the greatest common divisor of 91 and 1317251.
13
Calculate the greatest common factor of 2668 and 64.
4
Calculate the highest common divisor of 52 and 30082.
26
What is the highest common factor of 19505 and 66505?
235
Calculate the highest common divisor of 56287 and 561.
187
Calculate the highest common factor of 22923 and 10611.
81
What is the highest common divisor of 2636 and 64?
4
What is the greatest common factor of 72 and 54423?
9
Calculate the highest common divisor of 242004 and 420.
84
What is the highest common divisor of 49913 and 806489?
2627
What is the greatest common factor of 25641 and 6006?
231
What is the greatest common factor of 494 and 25308?
38
What is the highest common factor of 60163 and 255?
17
What is the greatest common factor of 52 and 1146262?
26
What is the highest common factor of 5159 and 1848?
77
Calculate the highest common factor of 110 and 33955.
5
Calculate the greatest common divisor of 59376 and 1152.
48
Calculate the highest common factor of 7 and 210679.
7
What is the greatest common divisor of 131582 and 110?
22
What is the highest common divisor of 5 and 1554895?
5
What is the greatest common divisor of 78 and 13218?
6
Calculate the highest common factor of 1762 and 90743.
881
What is the highest common divisor of 84 and 580668?
12
What is the highest common divisor of 272578 and 306?
34
Calculate the highest common divisor of 28680 and 480.
120
What is the greatest common divisor of 30016 and 504?
56
Calculate the highest common factor of 166332 and 334.
334
What is the highest common divisor of 255 and 19329?
51
What is the greatest common divisor of 603792 and 5040?
1008
Calculate the greatest common factor of 410 and 13850.
10
What is the highest common divisor of 22 and 1659779?
11
What is the greatest common divisor of 20940 and 240?
60
Calculate the highest common factor of 2114 and 233144.
302
Calculate the highest common divisor of 36 and 90810.
18
Calculate the greatest common factor of 6597 and 6093429.
2199
Calculate the greatest common divisor of 3534 and 945345.
1767
Calculate the greatest common divisor of 4425194 and 626.
626
Calculate the highest common divisor of 260 and 104468.
52
What is the highest common divisor of 793355 and 4545?
505
Calculate the highest common divisor of 114 and 81852.
114
What is the greatest common divisor of 22660 and 40?
20
What is the highest common factor of 12124 and 126?
14
Calculate the highest common factor of 2140 and 4066.
214
Calculate the greatest common divisor of 42603 and 165.
33
What is the highest common factor of 222 and 58182?
6
Calculate the highest common factor of 103770 and 90.
90
What is the highest common factor of 2577778 and 34?
34
What is the greatest common factor of 15251 and 101?
101
What is the greatest common divisor of 352112 and 16?
16
What is the highest common divisor of 262447 and 361?
361
Calculate the highest common divisor of 66213 and 273.
21
Calculate the highest common factor of 70 and 155.
5
Calculate the highest common divisor of 78 and 3162783.
39
Calculate the greatest common factor of 4176 and 1508.
116
Calculate the greatest common divisor of 1835823 and 33.
33
What is the highest common divisor of 105940 and 80?
20
What is the highest common divisor of 130 and 35165?
65
What is the highest common divisor of 631962 and 564?
282
What is the greatest common divisor of 21869 and 247?
19
What is the greatest common divisor of 310 and 573314?
62
Calculate the highest common factor of 53300 and 1900.
100
What is the highest common divisor of 5456 and 1936198?
682
What is the greatest common factor of 4446102 and 3?
3
Calculate the highest common factor of 1431 and 2997.
27
Calculate the greatest common factor of 68650 and 2150.
50
What is the greatest common divisor of 480 and 22980?
60
What is the greatest common factor of 586 and 63874?
586
Calculate the greatest common factor of 6 and 141477.
3
Calculate the greatest common factor of 9940 and 712.
4
What is the greatest common factor of 1065 and 210?
15
What is the greatest common divisor of 34 and 152694?
34
Calculate the greatest common divisor of 19140 and 11136.
348
What is the highest common factor of 736467 and 93?
93
What is the highest common divisor of 1557 and 7439?
173
What is the greatest common factor of 46728 and 990?
198
Calculate the highest common divisor of 94070 and 9890.
230
What is the greatest common factor of 327 and 69106?
109
What is the greatest common factor of 3191121 and 18?
9
Calculate the highest common factor of 40 and 23032.
8
Calculate the greatest common divisor of 55 and 8515.
5
What is the greatest common divisor of 19 and 7332461?
19
What is the highest common divisor of 12212 and 215?
43
Calculate the highest common divisor of 9384 and 10944.
24
What is the greatest common divisor of 24024 and 693?
231
Calculate the greatest common factor of 392 and 222166.
98
Calculate the greatest common divisor of 9207 and 132.
33
Calculate the greatest common divisor of 513 and 10800.
27
Calculate the greatest common factor of 289204 and 34.
34
Calculate the greatest common divisor of 84310 and 40.
10
Calculate the greatest common factor of 1881 and 25542.
99
Calculate the greatest common divisor of 5411 and 7.
7
What is